, 3, 31, 103, 47563
What are the prime factors of 1754321688?
2, 3, 7, 23, 151339
What are the prime factors of 1375118354?
2, 2371, 289987
List the prime factors of 4551489816.
2, 3, 107, 1772387
List the prime factors of 358088766.
2, 3, 7, 1217989
List the prime factors of 16895277.
3, 7, 89393
List the prime factors of 1423502476.
2, 11, 23, 751, 1873
List the prime factors of 51477608.
2, 7, 13, 31, 2281
List the prime factors of 40282798.
2, 23, 29, 30197
What are the prime factors of 134566613?
677, 198769
What are the prime factors of 25185926?
2, 12592963
List the prime factors of 74964864.
2, 3, 13, 15017
What are the prime factors of 404056028?
2, 101014007
What are the prime factors of 2154479777?
2503, 860759
What are the prime factors of 2890880426?
2, 7, 127, 239, 6803
What are the prime factors of 3081772712?
2, 385221589
List the prime factors of 239736363.
3, 17, 89, 52817
What are the prime factors of 49505949?
3, 1103, 4987
List the prime factors of 697731541.
13, 4128589
What are the prime factors of 55743708?
2, 3, 4645309
List the prime factors of 5467536604.
2, 53, 25790267
List the prime factors of 162509072.
2, 11, 923347
What are the prime factors of 858158411?
11, 3461, 22541
What are the prime factors of 2710592746?
2, 193, 1069, 6569
What are the prime factors of 346263378?
2, 3, 17, 3394739
List the prime factors of 147211466.
2, 17, 877, 4937
What are the prime factors of 184001081?
11, 17, 23, 179, 239
What are the prime factors of 5965569755?
5, 37, 32246323
What are the prime factors of 893759246?
2, 41, 53, 205651
What are the prime factors of 616389557?
7, 197, 446983
What are the prime factors of 1381886468?
2, 41, 463, 18199
List the prime factors of 4853596640.
2, 5, 547, 55457
List the prime factors of 201693368.
2, 181, 139291
List the prime factors of 3381479844.
2, 3, 281789987
What are the prime factors of 366929069?
13, 2837, 9949
List the prime factors of 504127074.
2, 3, 11, 7638289
What are the prime factors of 5948219914?
2, 7, 13, 19, 1720133
List the prime factors of 238883697.
3, 13, 157057
What are the prime factors of 2861104285?
5, 13, 409, 107621
List the prime factors of 625492685.
5, 47, 109, 24419
List the prime factors of 1552468774.
2, 29, 1759, 15217
What are the prime factors of 3616389225?
3, 5, 19, 43, 103, 191
List the prime factors of 114307561.
67, 73, 23371
What are the prime factors of 7371895?
5, 557, 2647
What are the prime factors of 711968190?
2, 3, 5, 19, 83, 101, 149
What are the prime factors of 3583566823?
3583566823
What are the prime factors of 807847436?
2, 11, 41, 431, 1039
List the prime factors of 749497087.
71, 10556297
List the prime factors of 365962421.
11, 743, 44777
List the prime factors of 47722279.
11, 181, 2179
What are the prime factors of 2322241563?
3, 774080521
What are the prime factors of 141503097?
3, 349, 135151
List the prime factors of 149850527.
149850527
What are the prime factors of 270826729?
211, 1283539
List the prime factors of 2780838011.
7, 397262573
What are the prime factors of 163467673?
163467673
List the prime factors of 374456691.
3, 7, 5943757
What are the prime factors of 26219236?
2, 17, 37, 613
List the prime factors of 31426259.
5197, 6047
What are the prime factors of 254128084?
2, 7, 163, 55681
What are the prime factors of 127173994?
2, 107, 594271
List the prime factors of 3562859386.
2, 53, 181, 233, 797
What are the prime factors of 16754524?
2, 4188631
What are the prime factors of 4461394?
2, 7, 318671
List the prime factors of 575304071.
109, 2069, 2551
What are the prime factors of 1986821103?
3, 139, 4764559
List the prime factors of 328461853.
1409, 233117
What are the prime factors of 7098013997?
7098013997
What are the prime factors of 145467442?
2, 72733721
List the prime factors of 706565035.
5, 11, 43, 298759
What are the prime factors of 310513725?
3, 5, 47, 29363
What are the prime factors of 104017153?
19, 5474587
What are the prime factors of 361236933?
3, 40137437
List the prime factors of 314960466.
2, 3, 43, 1220777
What are the prime factors of 348983942?
2, 2029, 85999
List the prime factors of 60753927.
3, 13, 29, 53717
What are the prime factors of 67253163?
3, 137, 163633
What are the prime factors of 35771042?
2, 47, 79, 4817
List the prime factors of 1709302122.
2, 3, 11, 809, 3557
List the prime factors of 1217492346.
2, 3, 7, 28987913
What are the prime factors of 94065840?
2, 3, 5, 11, 37, 107
List the prime factors of 139176926.
2, 7, 17, 584777
What are the prime factors of 524119743?
3, 7, 523, 15907
What are the prime factors of 1252405575?
3, 5, 107, 52021
What are the prime factors of 71909657?
71909657
What are the prime factors of 153490455?
3, 5, 19, 31, 5791
What are the prime factors of 2482180728?
2, 3, 2039, 50723
What are the prime factors of 119055482?
2, 7, 13, 19, 34429
What are the prime factors of 369212517?
3, 41023613
What are the prime factors of 755291622?
2, 3, 125881937
List the prime factors of 1408722853.
1408722853
List the prime factors of 13050251.
509, 25639
List the prime factors of 47728328.
2, 5966041
List the prime factors of 844043109.
3, 7, 13, 3091733
List the prime factors of 2077609831.
11, 17, 11110213
List the prime factors of 156728123.
12253, 12791
List the prime factors of 142649564.
2, 35662391
What are the prime factors of 50395357?
199, 253243
What are the prime factors of 36594832?
2, 2287177
What are the prime factors of 415751443?
2287, 181789
What are the prime factors of 153150513?
3, 51050171
List the prime factors of 55165329.
3, 6129481
List the prime factors of 1069835425.
5, 4889, 8753
What are the prime factors of 1413390222?
2, 3, 8724631
List the prime factors of 285744161.
47, 6079663
List the prime factors of 272995350.
2, 3, 5, 17, 107057
List the prime factors of 735093669.
3, 31, 1187, 6659
List the prime factors of 61036941.
3, 7, 2906521
List the prime factors of 5729940555.
3, 5, 1831, 208627
List the prime factors of 32245567.
113, 461, 619
What are the prime factors of 87734461?
677, 129593
List the prime factors of 1422226417.
4373, 325229
List the prime factors of 154889980.
2, 5, 7, 61, 2591
List the prime factors of 612638268.
2, 3, 11, 71, 131, 499
List the prime factors of 75778794.
2, 3, 7, 13, 2203
What are the prime factors of 1599237871?
7, 11, 3557, 5839
What are the prime factors of 69581666?
2, 7, 11, 9221
What are the prime factors of 9161033?
7, 1308719
List the prime factors of 5157068074.
2, 353, 20693
What are the prime factors of 145719028?
2, 7, 13, 313, 1279
What are the prime factors of 1478311770?
2, 3, 5, 13, 3790543
What are the prime factors of 413708179?
1021, 405199
List the prime factors of 30748417.
7, 137, 32063
What are the prime factors of 603883403?
19, 31783337
List the prime factors of 25183357.
67, 409, 919
What are the prime factors of 44597959?
7, 19, 335323
What are the prime factors of 24151603?
7, 19, 113, 1607
List the prime factors of 4853463101.
179, 4987, 5437
List the prime factors of 2207579380.
2, 5, 110378969
List the prime factors of 3687970614.
2, 3, 31, 19827799
What are the prime factors of 3348689916?
2, 3, 11, 13, 61, 31991
What are the prime factors of 16940363?
11, 191, 733
List the prime factors of 46202686.
2, 23101343
List the prime factors of 1330254125.
5, 19, 560107
List the prime factors of 3598091223.
3, 59, 277, 73387
What are the prime factors of 134063221?
19, 313, 22543
List the prime factors of 89227588.
2, 59, 378083
What are the prime factors of 40829859?
3, 7, 349, 619
List the prime factors of 65520458.
2, 163, 200983
List the prime factors of 63523197.
3, 811, 967
List the prime factors of 25566644.
2, 73, 87557
What are the prime factors of 224766588?
2, 3, 17, 29, 37993
List the prime factors of 3686835.
3, 5, 245789
List the prime factors of 159129798.
2, 3, 2267, 11699
What are the prime factors of 98858495?
5, 131, 150929
What are the prime factors of 2118833?
2118833
List the prime factors of 44108873.
1279, 34487
List the prime factors of 17663823.
3, 773, 2539
What are the prime factors of 618033118?
2, 12377, 24967
What are the prime factors of 303469791?
3, 43, 2352479
List the prime factors of 1616020096.
2, 199, 63443
List the